{"id":704,"date":"2023-01-27T21:45:34","date_gmt":"2023-01-27T21:45:34","guid":{"rendered":"https:\/\/zpz.tafii.pl\/?page_id=704"},"modified":"2025-05-09T19:00:52","modified_gmt":"2025-05-09T19:00:52","slug":"tablica-ogloszen-regaty-puchar-wojta-gminy-cedry-wielkie","status":"publish","type":"page","link":"https:\/\/zpz.trenerzu.eu\/index.php\/tablica-ogloszen-regaty-puchar-wojta-gminy-cedry-wielkie\/","title":{"rendered":"TABLICA OG\u0141OSZE\u0143 REGATY O PUCHAR W\u00d3JTA GMINY CEDRY WIELKIE"},"content":{"rendered":"\t\t<div data-elementor-type=\"wp-page\" data-elementor-id=\"704\" class=\"elementor elementor-704\">\n\t\t\t\t\t\t<section class=\"elementor-section elementor-top-section elementor-element elementor-element-668257c elementor-section-boxed elementor-section-height-default elementor-section-height-default\" data-id=\"668257c\" data-element_type=\"section\" data-e-type=\"section\">\n\t\t\t\t\t\t<div class=\"elementor-container elementor-column-gap-default\">\n\t\t\t\t\t<div class=\"elementor-column elementor-col-100 elementor-top-column elementor-element elementor-element-b76fed0\" data-id=\"b76fed0\" data-element_type=\"column\" data-e-type=\"column\">\n\t\t\t<div class=\"elementor-widget-wrap elementor-element-populated\">\n\t\t\t\t\t\t<div class=\"elementor-element elementor-element-3dba953 elementor-widget elementor-widget-heading\" data-id=\"3dba953\" data-element_type=\"widget\" data-e-type=\"widget\" data-widget_type=\"heading.default\">\n\t\t\t\t<div class=\"elementor-widget-container\">\n\t\t\t\t\t<h2 class=\"elementor-heading-title elementor-size-default\">KOMUNIKAT 4<\/h2>\t\t\t\t<\/div>\n\t\t\t\t<\/div>\n\t\t\t\t<div class=\"elementor-element elementor-element-6e3b70b elementor-widget elementor-widget-text-editor\" data-id=\"6e3b70b\" data-element_type=\"widget\" data-e-type=\"widget\" data-widget_type=\"text-editor.default\">\n\t\t\t\t<div class=\"elementor-widget-container\">\n\t\t\t\t\t\t\t\t\t<p>W dni 10 maja 2025, start grupy D przewidziany jest na godzin\u0119 11:30<\/p>\t\t\t\t\t\t\t\t<\/div>\n\t\t\t\t<\/div>\n\t\t\t\t\t<\/div>\n\t\t<\/div>\n\t\t\t\t\t<\/div>\n\t\t<\/section>\n\t\t\t\t<section class=\"elementor-section elementor-top-section elementor-element elementor-element-354fa3f elementor-section-boxed elementor-section-height-default elementor-section-height-default\" data-id=\"354fa3f\" data-element_type=\"section\" data-e-type=\"section\">\n\t\t\t\t\t\t<div class=\"elementor-container elementor-column-gap-default\">\n\t\t\t\t\t<div class=\"elementor-column elementor-col-100 elementor-top-column elementor-element elementor-element-6536b37\" data-id=\"6536b37\" data-element_type=\"column\" data-e-type=\"column\">\n\t\t\t<div class=\"elementor-widget-wrap elementor-element-populated\">\n\t\t\t\t\t\t<div class=\"elementor-element elementor-element-9c43719 elementor-widget elementor-widget-heading\" data-id=\"9c43719\" data-element_type=\"widget\" data-e-type=\"widget\" data-widget_type=\"heading.default\">\n\t\t\t\t<div class=\"elementor-widget-container\">\n\t\t\t\t\t<h2 class=\"elementor-heading-title elementor-size-default\">KOMUNIKAT 3<\/h2>\t\t\t\t<\/div>\n\t\t\t\t<\/div>\n\t\t\t\t<div class=\"elementor-element elementor-element-dca5e04 elementor-widget elementor-widget-text-editor\" data-id=\"dca5e04\" data-element_type=\"widget\" data-e-type=\"widget\" data-widget_type=\"text-editor.default\">\n\t\t\t\t<div class=\"elementor-widget-container\">\n\t\t\t\t\t\t\t\t\t<p>PLAN PORTU:&nbsp;<\/p>\n<p>Prosz\u0119, \u017ceby ka\u017cdy stosowa\u0142 si\u0119 do za\u0142\u0105czonej mapy miasteczka regatowego.&nbsp;<\/p>\n<p><\/p>\n<p>Na teren Mariny B\u0142otnik wjecha\u0107 mog\u0105 jedynie samochody trener\u00f3w i organizator\u00f3w imprezy.&nbsp;<\/p>\n<p><br><\/p>\n<p><\/p>\t\t\t\t\t\t\t\t<\/div>\n\t\t\t\t<\/div>\n\t\t\t\t<div class=\"elementor-element elementor-element-fabd3f7 elementor-widget elementor-widget-button\" data-id=\"fabd3f7\" data-element_type=\"widget\" data-e-type=\"widget\" data-widget_type=\"button.default\">\n\t\t\t\t<div class=\"elementor-widget-container\">\n\t\t\t\t\t\t\t\t\t<div class=\"elementor-button-wrapper\">\n\t\t\t\t\t<a class=\"elementor-button elementor-button-link elementor-size-sm\" href=\"https:\/\/zpz.trenerzu.eu\/wp-content\/uploads\/2025\/05\/PLAN.pdf\">\n\t\t\t\t\t\t<span class=\"elementor-button-content-wrapper\">\n\t\t\t\t\t\t\t\t\t<span class=\"elementor-button-text\">PLAN MIASTECZKA REGATOWEGO<\/span>\n\t\t\t\t\t<\/span>\n\t\t\t\t\t<\/a>\n\t\t\t\t<\/div>\n\t\t\t\t\t\t\t\t<\/div>\n\t\t\t\t<\/div>\n\t\t\t\t\t<\/div>\n\t\t<\/div>\n\t\t\t\t\t<\/div>\n\t\t<\/section>\n\t\t\t\t<section class=\"elementor-section elementor-top-section elementor-element elementor-element-36451f2 elementor-section-boxed elementor-section-height-default elementor-section-height-default\" data-id=\"36451f2\" data-element_type=\"section\" data-e-type=\"section\">\n\t\t\t\t\t\t<div class=\"elementor-container elementor-column-gap-default\">\n\t\t\t\t\t<div class=\"elementor-column elementor-col-100 elementor-top-column elementor-element elementor-element-b412fd4\" data-id=\"b412fd4\" data-element_type=\"column\" data-e-type=\"column\">\n\t\t\t<div class=\"elementor-widget-wrap elementor-element-populated\">\n\t\t\t\t\t\t<div class=\"elementor-element elementor-element-86d106b elementor-widget elementor-widget-heading\" data-id=\"86d106b\" data-element_type=\"widget\" data-e-type=\"widget\" data-widget_type=\"heading.default\">\n\t\t\t\t<div class=\"elementor-widget-container\">\n\t\t\t\t\t<h2 class=\"elementor-heading-title elementor-size-default\">KOMUNIKAT 2 <\/h2>\t\t\t\t<\/div>\n\t\t\t\t<\/div>\n\t\t\t\t<div class=\"elementor-element elementor-element-d9cded6 elementor-widget elementor-widget-text-editor\" data-id=\"d9cded6\" data-element_type=\"widget\" data-e-type=\"widget\" data-widget_type=\"text-editor.default\">\n\t\t\t\t<div class=\"elementor-widget-container\">\n\t\t\t\t\t\t\t\t\t<p>Wpisowe do regat nale\u017cy op\u0142aci\u0107 do 10 maja na poni\u017cej podane dane:<\/p>\n<p>\u00a0<\/p>\n<p>\u017bu\u0142awski O\u015brodek Kultury i Sportu w Cedrach Wielkich\u00a0<\/p>\n<p>ul. Osadnik\u00f3w Wojskowych 41\u00a0<\/p>\n<p>83-020 Cedry Wielkie\u00a0<\/p>\n<p>Numer konta: 02 8335 0003 0201 8557 2000 0001<\/p>\n<p>W tytule: (imi\u0119 nazwisko zawodnika oraz klub)<\/p>\t\t\t\t\t\t\t\t<\/div>\n\t\t\t\t<\/div>\n\t\t\t\t\t<\/div>\n\t\t<\/div>\n\t\t\t\t\t<\/div>\n\t\t<\/section>\n\t\t\t\t<section class=\"elementor-section elementor-top-section elementor-element elementor-element-d679d8a elementor-section-boxed elementor-section-height-default elementor-section-height-default\" data-id=\"d679d8a\" data-element_type=\"section\" data-e-type=\"section\">\n\t\t\t\t\t\t<div class=\"elementor-container elementor-column-gap-default\">\n\t\t\t\t\t<div class=\"elementor-column elementor-col-100 elementor-top-column elementor-element elementor-element-324061a\" data-id=\"324061a\" data-element_type=\"column\" data-e-type=\"column\">\n\t\t\t<div class=\"elementor-widget-wrap elementor-element-populated\">\n\t\t\t\t\t\t<div class=\"elementor-element elementor-element-4993c5e elementor-widget elementor-widget-heading\" data-id=\"4993c5e\" data-element_type=\"widget\" data-e-type=\"widget\" data-widget_type=\"heading.default\">\n\t\t\t\t<div class=\"elementor-widget-container\">\n\t\t\t\t\t<h2 class=\"elementor-heading-title elementor-size-default\">KOMUNIKAT 1<\/h2>\t\t\t\t<\/div>\n\t\t\t\t<\/div>\n\t\t\t\t<div class=\"elementor-element elementor-element-4b46408 elementor-widget elementor-widget-text-editor\" data-id=\"4b46408\" data-element_type=\"widget\" data-e-type=\"widget\" data-widget_type=\"text-editor.default\">\n\t\t\t\t<div class=\"elementor-widget-container\">\n\t\t\t\t\t\t\t\t\t<p>Zgoda na przetwarzanie danych osobowych potrzebna do finalizowania zg\u0142osze\u0144 na regatach znajduje si\u0119 w zak\u0142adce ,,DOKUMENTY&#8221; na stronie regat.\u00a0<\/p>\t\t\t\t\t\t\t\t<\/div>\n\t\t\t\t<\/div>\n\t\t\t\t\t<\/div>\n\t\t<\/div>\n\t\t\t\t\t<\/div>\n\t\t<\/section>\n\t\t\t\t<\/div>\n\t\t","protected":false},"excerpt":{"rendered":"<p>KOMUNIKAT 4 W dni 10 maja 2025, start grupy D przewidziany jest na godzin\u0119 11:30 KOMUNIKAT 3 PLAN PORTU:&nbsp; Prosz\u0119, \u017ceby ka\u017cdy stosowa\u0142 si\u0119 do za\u0142\u0105czonej mapy miasteczka regatowego.&nbsp; Na teren Mariny B\u0142otnik wjecha\u0107 mog\u0105 jedynie samochody trener\u00f3w i organizator\u00f3w imprezy.&nbsp; PLAN MIASTECZKA REGATOWEGO KOMUNIKAT 2 Wpisowe do regat nale\u017cy op\u0142aci\u0107 do 10 maja na&hellip;<\/p>\n","protected":false},"author":2,"featured_media":0,"parent":0,"menu_order":0,"comment_status":"closed","ping_status":"closed","template":"","meta":{"footnotes":""},"class_list":["post-704","page","type-page","status-publish","hentry"],"_links":{"self":[{"href":"https:\/\/zpz.trenerzu.eu\/index.php\/wp-json\/wp\/v2\/pages\/704","targetHints":{"allow":["GET"]}}],"collection":[{"href":"https:\/\/zpz.trenerzu.eu\/index.php\/wp-json\/wp\/v2\/pages"}],"about":[{"href":"https:\/\/zpz.trenerzu.eu\/index.php\/wp-json\/wp\/v2\/types\/page"}],"author":[{"embeddable":true,"href":"https:\/\/zpz.trenerzu.eu\/index.php\/wp-json\/wp\/v2\/users\/2"}],"replies":[{"embeddable":true,"href":"https:\/\/zpz.trenerzu.eu\/index.php\/wp-json\/wp\/v2\/comments?post=704"}],"version-history":[{"count":121,"href":"https:\/\/zpz.trenerzu.eu\/index.php\/wp-json\/wp\/v2\/pages\/704\/revisions"}],"predecessor-version":[{"id":2702,"href":"https:\/\/zpz.trenerzu.eu\/index.php\/wp-json\/wp\/v2\/pages\/704\/revisions\/2702"}],"wp:attachment":[{"href":"https:\/\/zpz.trenerzu.eu\/index.php\/wp-json\/wp\/v2\/media?parent=704"}],"curies":[{"name":"wp","href":"https:\/\/api.w.org\/{rel}","templated":true}]}}