{"id":2910,"date":"2025-06-07T12:49:45","date_gmt":"2025-06-07T12:49:45","guid":{"rendered":"https:\/\/zpz.trenerzu.eu\/?page_id=2910"},"modified":"2025-06-07T12:50:33","modified_gmt":"2025-06-07T12:50:33","slug":"sopot-tablica-ogloszen","status":"publish","type":"page","link":"https:\/\/zpz.trenerzu.eu\/index.php\/sopot-tablica-ogloszen\/","title":{"rendered":"TABLICA OG\u0141OSZE\u0143"},"content":{"rendered":"\t\t<div data-elementor-type=\"wp-page\" data-elementor-id=\"2910\" class=\"elementor elementor-2910\">\n\t\t\t\t\t\t<section class=\"elementor-section elementor-top-section elementor-element elementor-element-4095193 elementor-section-boxed elementor-section-height-default elementor-section-height-default\" data-id=\"4095193\" data-element_type=\"section\" data-e-type=\"section\">\n\t\t\t\t\t\t<div class=\"elementor-container elementor-column-gap-default\">\n\t\t\t\t\t<div class=\"elementor-column elementor-col-100 elementor-top-column elementor-element elementor-element-56e674d\" data-id=\"56e674d\" data-element_type=\"column\" data-e-type=\"column\">\n\t\t\t<div class=\"elementor-widget-wrap elementor-element-populated\">\n\t\t\t\t\t\t<div class=\"elementor-element elementor-element-252aeb3 elementor-widget elementor-widget-text-editor\" data-id=\"252aeb3\" data-element_type=\"widget\" data-e-type=\"widget\" data-widget_type=\"text-editor.default\">\n\t\t\t\t<div class=\"elementor-widget-container\">\n\t\t\t\t\t\t\t\t\t<p>KOMUNIKAT\nKOMISJI REGATOWEJ\nNUMER 1&nbsp;<\/p><p>W dniu jutrzejszym tj. 8.06.2025 sygna\u0142 ostrze\u017cenia do pierwszego wy\u015bcigu w dniu,\ndla wszystkich grup, zostanie podany o godzinie 9.55.&nbsp;<\/p><p>S\u0119dzia G\u0142\u00f3wny&nbsp;<\/p><p>Ewelina Rachtan<\/p>\t\t\t\t\t\t\t\t<\/div>\n\t\t\t\t<\/div>\n\t\t\t\t\t<\/div>\n\t\t<\/div>\n\t\t\t\t\t<\/div>\n\t\t<\/section>\n\t\t\t\t<\/div>\n\t\t","protected":false},"excerpt":{"rendered":"<p>KOMUNIKAT KOMISJI REGATOWEJ NUMER 1&nbsp; W dniu jutrzejszym tj. 8.06.2025 sygna\u0142 ostrze\u017cenia do pierwszego wy\u015bcigu w dniu, dla wszystkich grup, zostanie podany o godzinie 9.55.&nbsp; S\u0119dzia G\u0142\u00f3wny&nbsp; Ewelina Rachtan<\/p>\n","protected":false},"author":1,"featured_media":0,"parent":0,"menu_order":0,"comment_status":"closed","ping_status":"closed","template":"","meta":{"footnotes":""},"class_list":["post-2910","page","type-page","status-publish","hentry"],"_links":{"self":[{"href":"https:\/\/zpz.trenerzu.eu\/index.php\/wp-json\/wp\/v2\/pages\/2910","targetHints":{"allow":["GET"]}}],"collection":[{"href":"https:\/\/zpz.trenerzu.eu\/index.php\/wp-json\/wp\/v2\/pages"}],"about":[{"href":"https:\/\/zpz.trenerzu.eu\/index.php\/wp-json\/wp\/v2\/types\/page"}],"author":[{"embeddable":true,"href":"https:\/\/zpz.trenerzu.eu\/index.php\/wp-json\/wp\/v2\/users\/1"}],"replies":[{"embeddable":true,"href":"https:\/\/zpz.trenerzu.eu\/index.php\/wp-json\/wp\/v2\/comments?post=2910"}],"version-history":[{"count":4,"href":"https:\/\/zpz.trenerzu.eu\/index.php\/wp-json\/wp\/v2\/pages\/2910\/revisions"}],"predecessor-version":[{"id":2914,"href":"https:\/\/zpz.trenerzu.eu\/index.php\/wp-json\/wp\/v2\/pages\/2910\/revisions\/2914"}],"wp:attachment":[{"href":"https:\/\/zpz.trenerzu.eu\/index.php\/wp-json\/wp\/v2\/media?parent=2910"}],"curies":[{"name":"wp","href":"https:\/\/api.w.org\/{rel}","templated":true}]}}